{"id":51,"date":"2022-10-12T20:57:35","date_gmt":"2022-10-12T20:57:35","guid":{"rendered":"http:\/\/10.10.13.1\/?page_id=51"},"modified":"2026-04-02T22:34:51","modified_gmt":"2026-04-02T22:34:51","slug":"archivos","status":"publish","type":"page","link":"https:\/\/revistapolitecnicaags.upa.edu.mx\/index.php\/archivos\/","title":{"rendered":"Archivos"},"content":{"rendered":"\t\t<div data-elementor-type=\"wp-page\" data-elementor-id=\"51\" class=\"elementor elementor-51\">\n\t\t\t\t\t\t<section class=\"elementor-section elementor-top-section elementor-element elementor-element-308da8c elementor-section-boxed elementor-section-height-default elementor-section-height-default\" data-id=\"308da8c\" data-element_type=\"section\">\n\t\t\t\t\t\t<div class=\"elementor-container elementor-column-gap-default\">\n\t\t\t\t\t<div class=\"elementor-column elementor-col-100 elementor-top-column elementor-element elementor-element-279b45b\" data-id=\"279b45b\" data-element_type=\"column\">\n\t\t\t<div class=\"elementor-widget-wrap elementor-element-populated\">\n\t\t\t\t\t\t<div class=\"elementor-element elementor-element-59d8909 elementor-widget elementor-widget-text-editor\" data-id=\"59d8909\" data-element_type=\"widget\" data-widget_type=\"text-editor.default\">\n\t\t\t\t<div class=\"elementor-widget-container\">\n\t\t\t<style>\/*! elementor - v3.23.0 - 25-07-2024 *\/\n.elementor-widget-text-editor.elementor-drop-cap-view-stacked .elementor-drop-cap{background-color:#69727d;color:#fff}.elementor-widget-text-editor.elementor-drop-cap-view-framed .elementor-drop-cap{color:#69727d;border:3px solid;background-color:transparent}.elementor-widget-text-editor:not(.elementor-drop-cap-view-default) .elementor-drop-cap{margin-top:8px}.elementor-widget-text-editor:not(.elementor-drop-cap-view-default) .elementor-drop-cap-letter{width:1em;height:1em}.elementor-widget-text-editor .elementor-drop-cap{float:left;text-align:center;line-height:1;font-size:50px}.elementor-widget-text-editor .elementor-drop-cap-letter{display:inline-block}<\/style>\t\t\t\t<p><strong>Revista Polit\u00e9cnica de Aguascalientes, Vol. 1, A\u00f1o 1 (Noviembre 2022)<\/strong><\/p><p><em>Publicado 04-11-2022<\/em><\/p>\t\t\t\t\t\t<\/div>\n\t\t\t\t<\/div>\n\t\t\t\t\t<\/div>\n\t\t<\/div>\n\t\t\t\t\t<\/div>\n\t\t<\/section>\n\t\t\t\t<section class=\"elementor-section elementor-top-section elementor-element elementor-element-5ca7e4a elementor-section-boxed elementor-section-height-default elementor-section-height-default\" data-id=\"5ca7e4a\" data-element_type=\"section\">\n\t\t\t\t\t\t<div class=\"elementor-container elementor-column-gap-default\">\n\t\t\t\t\t<div class=\"elementor-column elementor-col-100 elementor-top-column elementor-element elementor-element-c2fad3e\" data-id=\"c2fad3e\" data-element_type=\"column\">\n\t\t\t<div class=\"elementor-widget-wrap elementor-element-populated\">\n\t\t\t\t\t\t<div class=\"elementor-element elementor-element-237c040 elementor-widget elementor-widget-image\" data-id=\"237c040\" data-element_type=\"widget\" data-widget_type=\"image.default\">\n\t\t\t\t<div class=\"elementor-widget-container\">\n\t\t\t<style>\/*! elementor - v3.23.0 - 25-07-2024 *\/\n.elementor-widget-image{text-align:center}.elementor-widget-image a{display:inline-block}.elementor-widget-image a img[src$=\".svg\"]{width:48px}.elementor-widget-image img{vertical-align:middle;display:inline-block}<\/style>\t\t\t\t\t\t\t\t\t\t\t<a href=\"http:\/\/revistapolitecnicaags.upa.edu.mx\/index.php\/el-nuevo-umoma-abre-sus-puertas-2\/\">\n\t\t\t\t\t\t\t<img decoding=\"async\" width=\"155\" height=\"202\" src=\"https:\/\/revistapolitecnicaags.upa.edu.mx\/wp-content\/uploads\/2023\/03\/revupa4.png\" class=\"attachment-large size-large wp-image-690\" alt=\"\" \/>\t\t\t\t\t\t\t\t<\/a>\n\t\t\t\t\t\t\t\t\t\t\t\t\t<\/div>\n\t\t\t\t<\/div>\n\t\t\t\t\t<\/div>\n\t\t<\/div>\n\t\t\t\t\t<\/div>\n\t\t<\/section>\n\t\t\t\t<section class=\"elementor-section elementor-top-section elementor-element elementor-element-9343c35 elementor-section-boxed elementor-section-height-default elementor-section-height-default\" data-id=\"9343c35\" data-element_type=\"section\">\n\t\t\t\t\t\t<div class=\"elementor-container elementor-column-gap-default\">\n\t\t\t\t\t<div class=\"elementor-column elementor-col-100 elementor-top-column elementor-element elementor-element-f107cf1\" data-id=\"f107cf1\" data-element_type=\"column\">\n\t\t\t<div class=\"elementor-widget-wrap elementor-element-populated\">\n\t\t\t\t\t\t<div class=\"elementor-element elementor-element-f32745b elementor-widget elementor-widget-text-editor\" data-id=\"f32745b\" data-element_type=\"widget\" data-widget_type=\"text-editor.default\">\n\t\t\t\t<div class=\"elementor-widget-container\">\n\t\t\t\t\t\t\t<p><a href=\"https:\/\/drive.google.com\/file\/d\/1U0qwjxme7HhupRIKwvyK-6fQguqNWCVs\/view?usp=sharing\" target=\"_blank\" rel=\"noopener\">Descarga Revista Polit\u00e9cnica de Aguascalientes. Volumen 1.<\/a><\/p>\t\t\t\t\t\t<\/div>\n\t\t\t\t<\/div>\n\t\t\t\t\t<\/div>\n\t\t<\/div>\n\t\t\t\t\t<\/div>\n\t\t<\/section>\n\t\t\t\t<section class=\"elementor-section elementor-top-section elementor-element elementor-element-a6a16f2 elementor-section-boxed elementor-section-height-default elementor-section-height-default\" data-id=\"a6a16f2\" data-element_type=\"section\">\n\t\t\t\t\t\t<div class=\"elementor-container elementor-column-gap-default\">\n\t\t\t\t\t<div class=\"elementor-column elementor-col-100 elementor-top-column elementor-element elementor-element-4c57576\" data-id=\"4c57576\" data-element_type=\"column\">\n\t\t\t<div class=\"elementor-widget-wrap elementor-element-populated\">\n\t\t\t\t\t\t<div class=\"elementor-element elementor-element-289c0b8 elementor-widget elementor-widget-text-editor\" data-id=\"289c0b8\" data-element_type=\"widget\" data-widget_type=\"text-editor.default\">\n\t\t\t\t<div class=\"elementor-widget-container\">\n\t\t\t\t\t\t\t<p><strong>Revista Polit\u00e9cnica de Aguascalientes, Vol. 2, A\u00f1o 2 (Noviembre 2023)<\/strong><\/p><p><em>Publicado 30-11-2023<\/em><\/p>\t\t\t\t\t\t<\/div>\n\t\t\t\t<\/div>\n\t\t\t\t\t<\/div>\n\t\t<\/div>\n\t\t\t\t\t<\/div>\n\t\t<\/section>\n\t\t\t\t<section class=\"elementor-section elementor-top-section elementor-element elementor-element-e857390 elementor-section-boxed elementor-section-height-default elementor-section-height-default\" data-id=\"e857390\" data-element_type=\"section\">\n\t\t\t\t\t\t<div class=\"elementor-container elementor-column-gap-default\">\n\t\t\t\t\t<div class=\"elementor-column elementor-col-25 elementor-top-column elementor-element elementor-element-24b77ca\" data-id=\"24b77ca\" data-element_type=\"column\">\n\t\t\t<div class=\"elementor-widget-wrap\">\n\t\t\t\t\t\t\t<\/div>\n\t\t<\/div>\n\t\t\t\t<div class=\"elementor-column elementor-col-50 elementor-top-column elementor-element elementor-element-b877d82\" data-id=\"b877d82\" data-element_type=\"column\">\n\t\t\t<div class=\"elementor-widget-wrap elementor-element-populated\">\n\t\t\t\t\t\t<div class=\"elementor-element elementor-element-58c553b elementor-widget__width-initial elementor-widget elementor-widget-image\" data-id=\"58c553b\" data-element_type=\"widget\" data-widget_type=\"image.default\">\n\t\t\t\t<div class=\"elementor-widget-container\">\n\t\t\t\t\t\t\t\t\t\t\t\t\t\t<a href=\"https:\/\/revistapolitecnicaags.upa.edu.mx\/index.php\/volumen-2\/\">\n\t\t\t\t\t\t\t<img fetchpriority=\"high\" decoding=\"async\" width=\"791\" height=\"1024\" src=\"https:\/\/revistapolitecnicaags.upa.edu.mx\/wp-content\/uploads\/2023\/11\/portada-2-revista-politecnica-aguascalientes-01-791x1024.jpg\" class=\"attachment-large size-large wp-image-905\" alt=\"\" srcset=\"https:\/\/revistapolitecnicaags.upa.edu.mx\/wp-content\/uploads\/2023\/11\/portada-2-revista-politecnica-aguascalientes-01-791x1024.jpg 791w, https:\/\/revistapolitecnicaags.upa.edu.mx\/wp-content\/uploads\/2023\/11\/portada-2-revista-politecnica-aguascalientes-01-232x300.jpg 232w, https:\/\/revistapolitecnicaags.upa.edu.mx\/wp-content\/uploads\/2023\/11\/portada-2-revista-politecnica-aguascalientes-01-768x994.jpg 768w, https:\/\/revistapolitecnicaags.upa.edu.mx\/wp-content\/uploads\/2023\/11\/portada-2-revista-politecnica-aguascalientes-01-1187x1536.jpg 1187w, https:\/\/revistapolitecnicaags.upa.edu.mx\/wp-content\/uploads\/2023\/11\/portada-2-revista-politecnica-aguascalientes-01.jpg 1275w\" sizes=\"(max-width: 791px) 100vw, 791px\" \/>\t\t\t\t\t\t\t\t<\/a>\n\t\t\t\t\t\t\t\t\t\t\t\t\t<\/div>\n\t\t\t\t<\/div>\n\t\t\t\t\t<\/div>\n\t\t<\/div>\n\t\t\t\t<div class=\"elementor-column elementor-col-25 elementor-top-column elementor-element elementor-element-82e9b69\" data-id=\"82e9b69\" data-element_type=\"column\">\n\t\t\t<div class=\"elementor-widget-wrap\">\n\t\t\t\t\t\t\t<\/div>\n\t\t<\/div>\n\t\t\t\t\t<\/div>\n\t\t<\/section>\n\t\t\t\t<section class=\"elementor-section elementor-top-section elementor-element elementor-element-69df705 elementor-section-boxed elementor-section-height-default elementor-section-height-default\" data-id=\"69df705\" data-element_type=\"section\">\n\t\t\t\t\t\t<div class=\"elementor-container elementor-column-gap-default\">\n\t\t\t\t\t<div class=\"elementor-column elementor-col-100 elementor-top-column elementor-element elementor-element-b65b0ed\" data-id=\"b65b0ed\" data-element_type=\"column\">\n\t\t\t<div class=\"elementor-widget-wrap elementor-element-populated\">\n\t\t\t\t\t\t<div class=\"elementor-element elementor-element-c515b63 elementor-widget elementor-widget-text-editor\" data-id=\"c515b63\" data-element_type=\"widget\" data-widget_type=\"text-editor.default\">\n\t\t\t\t<div class=\"elementor-widget-container\">\n\t\t\t\t\t\t\t<p><a href=\"https:\/\/drive.google.com\/file\/d\/1k0ZMSaQfiPilgmBW4J31y8LIMJfcVgEQ\/view?usp=drive_link\" target=\"_blank\" rel=\"noopener\">Descarga Revista Polit\u00e9cnica de Aguascalientes. Volumen 2.<\/a><\/p>\t\t\t\t\t\t<\/div>\n\t\t\t\t<\/div>\n\t\t\t\t\t<\/div>\n\t\t<\/div>\n\t\t\t\t\t<\/div>\n\t\t<\/section>\n\t\t\t\t<section class=\"elementor-section elementor-top-section elementor-element elementor-element-37ff0dc elementor-section-boxed elementor-section-height-default elementor-section-height-default\" data-id=\"37ff0dc\" data-element_type=\"section\">\n\t\t\t\t\t\t<div class=\"elementor-container elementor-column-gap-default\">\n\t\t\t\t\t<div class=\"elementor-column elementor-col-100 elementor-top-column elementor-element elementor-element-ace014f\" data-id=\"ace014f\" data-element_type=\"column\">\n\t\t\t<div class=\"elementor-widget-wrap elementor-element-populated\">\n\t\t\t\t\t\t<div class=\"elementor-element elementor-element-ea9390e elementor-widget elementor-widget-text-editor\" data-id=\"ea9390e\" data-element_type=\"widget\" data-widget_type=\"text-editor.default\">\n\t\t\t\t<div class=\"elementor-widget-container\">\n\t\t\t\t\t\t\t<p><strong>Revista Polit\u00e9cnica de Aguascalientes, Vol. 3, A\u00f1o 3 (Mayo 2024)<\/strong><\/p>\n<p><em>Publicado 30-05-2024<\/em><\/p>\t\t\t\t\t\t<\/div>\n\t\t\t\t<\/div>\n\t\t\t\t\t<\/div>\n\t\t<\/div>\n\t\t\t\t\t<\/div>\n\t\t<\/section>\n\t\t\t\t<section class=\"elementor-section elementor-top-section elementor-element elementor-element-4f7cac4 elementor-section-boxed elementor-section-height-default elementor-section-height-default\" data-id=\"4f7cac4\" data-element_type=\"section\">\n\t\t\t\t\t\t<div class=\"elementor-container elementor-column-gap-default\">\n\t\t\t\t\t<div class=\"elementor-column elementor-col-25 elementor-top-column elementor-element elementor-element-25a9cbd\" data-id=\"25a9cbd\" data-element_type=\"column\">\n\t\t\t<div class=\"elementor-widget-wrap\">\n\t\t\t\t\t\t\t<\/div>\n\t\t<\/div>\n\t\t\t\t<div class=\"elementor-column elementor-col-50 elementor-top-column elementor-element elementor-element-e7885d1\" data-id=\"e7885d1\" data-element_type=\"column\">\n\t\t\t<div class=\"elementor-widget-wrap elementor-element-populated\">\n\t\t\t\t\t\t<div class=\"elementor-element elementor-element-0da3819 elementor-widget__width-initial elementor-widget elementor-widget-image\" data-id=\"0da3819\" data-element_type=\"widget\" data-widget_type=\"image.default\">\n\t\t\t\t<div class=\"elementor-widget-container\">\n\t\t\t\t\t\t\t\t\t\t\t\t\t\t<a href=\"https:\/\/revistapolitecnicaags.upa.edu.mx\/index.php\/volumen-3\/\">\n\t\t\t\t\t\t\t<img decoding=\"async\" width=\"791\" height=\"1024\" src=\"https:\/\/revistapolitecnicaags.upa.edu.mx\/wp-content\/uploads\/2024\/08\/portada-3-revista-politecnica-aguascalientes-1-791x1024.jpg\" class=\"attachment-large size-large wp-image-1504\" alt=\"\" srcset=\"https:\/\/revistapolitecnicaags.upa.edu.mx\/wp-content\/uploads\/2024\/08\/portada-3-revista-politecnica-aguascalientes-1-791x1024.jpg 791w, https:\/\/revistapolitecnicaags.upa.edu.mx\/wp-content\/uploads\/2024\/08\/portada-3-revista-politecnica-aguascalientes-1-232x300.jpg 232w, https:\/\/revistapolitecnicaags.upa.edu.mx\/wp-content\/uploads\/2024\/08\/portada-3-revista-politecnica-aguascalientes-1-768x994.jpg 768w, https:\/\/revistapolitecnicaags.upa.edu.mx\/wp-content\/uploads\/2024\/08\/portada-3-revista-politecnica-aguascalientes-1-1187x1536.jpg 1187w, https:\/\/revistapolitecnicaags.upa.edu.mx\/wp-content\/uploads\/2024\/08\/portada-3-revista-politecnica-aguascalientes-1.jpg 1275w\" sizes=\"(max-width: 791px) 100vw, 791px\" \/>\t\t\t\t\t\t\t\t<\/a>\n\t\t\t\t\t\t\t\t\t\t\t\t\t<\/div>\n\t\t\t\t<\/div>\n\t\t\t\t\t<\/div>\n\t\t<\/div>\n\t\t\t\t<div class=\"elementor-column elementor-col-25 elementor-top-column elementor-element elementor-element-9453c4f\" data-id=\"9453c4f\" data-element_type=\"column\">\n\t\t\t<div class=\"elementor-widget-wrap\">\n\t\t\t\t\t\t\t<\/div>\n\t\t<\/div>\n\t\t\t\t\t<\/div>\n\t\t<\/section>\n\t\t\t\t<section class=\"elementor-section elementor-top-section elementor-element elementor-element-85dbda9 elementor-section-boxed elementor-section-height-default elementor-section-height-default\" data-id=\"85dbda9\" data-element_type=\"section\">\n\t\t\t\t\t\t<div class=\"elementor-container elementor-column-gap-default\">\n\t\t\t\t\t<div class=\"elementor-column elementor-col-100 elementor-top-column elementor-element elementor-element-de4eb00\" data-id=\"de4eb00\" data-element_type=\"column\">\n\t\t\t<div class=\"elementor-widget-wrap elementor-element-populated\">\n\t\t\t\t\t\t<div class=\"elementor-element elementor-element-cd8eb72 elementor-widget elementor-widget-text-editor\" data-id=\"cd8eb72\" data-element_type=\"widget\" data-widget_type=\"text-editor.default\">\n\t\t\t\t<div class=\"elementor-widget-container\">\n\t\t\t\t\t\t\t<p><a href=\"https:\/\/drive.google.com\/file\/d\/1zfxTXXB0do_9UX-o9RhlrgPCN_5zxHv2\/view?usp=sharing\" target=\"_blank\" rel=\"noopener\">Descarga Revista Polit\u00e9cnica de Aguascalientes. Volumen 3.<\/a><\/p>\t\t\t\t\t\t<\/div>\n\t\t\t\t<\/div>\n\t\t\t\t\t<\/div>\n\t\t<\/div>\n\t\t\t\t\t<\/div>\n\t\t<\/section>\n\t\t\t\t<section class=\"elementor-section elementor-top-section elementor-element elementor-element-96285e6 elementor-section-boxed elementor-section-height-default elementor-section-height-default\" data-id=\"96285e6\" data-element_type=\"section\">\n\t\t\t\t\t\t<div class=\"elementor-container elementor-column-gap-default\">\n\t\t\t\t\t<div class=\"elementor-column elementor-col-100 elementor-top-column elementor-element elementor-element-639a870\" data-id=\"639a870\" data-element_type=\"column\">\n\t\t\t<div class=\"elementor-widget-wrap elementor-element-populated\">\n\t\t\t\t\t\t<div class=\"elementor-element elementor-element-bf8d649 elementor-widget elementor-widget-text-editor\" data-id=\"bf8d649\" data-element_type=\"widget\" data-widget_type=\"text-editor.default\">\n\t\t\t\t<div class=\"elementor-widget-container\">\n\t\t\t\t\t\t\t<p><strong>Revista Polit\u00e9cnica de Aguascalientes, Vol. 4, A\u00f1o 3 (Noviembre 2024)<\/strong><\/p><p><em>Publicado 30-11-2024<\/em><\/p>\t\t\t\t\t\t<\/div>\n\t\t\t\t<\/div>\n\t\t\t\t\t<\/div>\n\t\t<\/div>\n\t\t\t\t\t<\/div>\n\t\t<\/section>\n\t\t\t\t<section class=\"elementor-section elementor-top-section elementor-element elementor-element-b671a18 elementor-section-boxed elementor-section-height-default elementor-section-height-default\" data-id=\"b671a18\" data-element_type=\"section\">\n\t\t\t\t\t\t<div class=\"elementor-container elementor-column-gap-default\">\n\t\t\t\t\t<div class=\"elementor-column elementor-col-25 elementor-top-column elementor-element elementor-element-6b89faf\" data-id=\"6b89faf\" data-element_type=\"column\">\n\t\t\t<div class=\"elementor-widget-wrap\">\n\t\t\t\t\t\t\t<\/div>\n\t\t<\/div>\n\t\t\t\t<div class=\"elementor-column elementor-col-50 elementor-top-column elementor-element elementor-element-3935ed0\" data-id=\"3935ed0\" data-element_type=\"column\">\n\t\t\t<div class=\"elementor-widget-wrap elementor-element-populated\">\n\t\t\t\t\t\t<div class=\"elementor-element elementor-element-f5360f8 elementor-widget__width-initial elementor-widget elementor-widget-image\" data-id=\"f5360f8\" data-element_type=\"widget\" data-widget_type=\"image.default\">\n\t\t\t\t<div class=\"elementor-widget-container\">\n\t\t\t\t\t\t\t\t\t\t\t\t\t\t<a href=\"https:\/\/revistapolitecnicaags.upa.edu.mx\/index.php\/volumen-4\/\">\n\t\t\t\t\t\t\t<img loading=\"lazy\" decoding=\"async\" width=\"791\" height=\"1024\" src=\"https:\/\/revistapolitecnicaags.upa.edu.mx\/wp-content\/uploads\/2025\/02\/menor_portada-4-revista-politecnica-aguascalientes_2025_-791x1024.jpg\" class=\"attachment-large size-large wp-image-1668\" alt=\"\" srcset=\"https:\/\/revistapolitecnicaags.upa.edu.mx\/wp-content\/uploads\/2025\/02\/menor_portada-4-revista-politecnica-aguascalientes_2025_-791x1024.jpg 791w, https:\/\/revistapolitecnicaags.upa.edu.mx\/wp-content\/uploads\/2025\/02\/menor_portada-4-revista-politecnica-aguascalientes_2025_-232x300.jpg 232w, https:\/\/revistapolitecnicaags.upa.edu.mx\/wp-content\/uploads\/2025\/02\/menor_portada-4-revista-politecnica-aguascalientes_2025_-768x994.jpg 768w, https:\/\/revistapolitecnicaags.upa.edu.mx\/wp-content\/uploads\/2025\/02\/menor_portada-4-revista-politecnica-aguascalientes_2025_-1187x1536.jpg 1187w, https:\/\/revistapolitecnicaags.upa.edu.mx\/wp-content\/uploads\/2025\/02\/menor_portada-4-revista-politecnica-aguascalientes_2025_-1583x2048.jpg 1583w, https:\/\/revistapolitecnicaags.upa.edu.mx\/wp-content\/uploads\/2025\/02\/menor_portada-4-revista-politecnica-aguascalientes_2025_-scaled.jpg 1978w\" sizes=\"(max-width: 791px) 100vw, 791px\" \/>\t\t\t\t\t\t\t\t<\/a>\n\t\t\t\t\t\t\t\t\t\t\t\t\t<\/div>\n\t\t\t\t<\/div>\n\t\t\t\t\t<\/div>\n\t\t<\/div>\n\t\t\t\t<div class=\"elementor-column elementor-col-25 elementor-top-column elementor-element elementor-element-286bf50\" data-id=\"286bf50\" data-element_type=\"column\">\n\t\t\t<div class=\"elementor-widget-wrap\">\n\t\t\t\t\t\t\t<\/div>\n\t\t<\/div>\n\t\t\t\t\t<\/div>\n\t\t<\/section>\n\t\t\t\t<section class=\"elementor-section elementor-top-section elementor-element elementor-element-bad5f01 elementor-section-boxed elementor-section-height-default elementor-section-height-default\" data-id=\"bad5f01\" data-element_type=\"section\">\n\t\t\t\t\t\t<div class=\"elementor-container elementor-column-gap-default\">\n\t\t\t\t\t<div class=\"elementor-column elementor-col-100 elementor-top-column elementor-element elementor-element-a0c0e17\" data-id=\"a0c0e17\" data-element_type=\"column\">\n\t\t\t<div class=\"elementor-widget-wrap elementor-element-populated\">\n\t\t\t\t\t\t<div class=\"elementor-element elementor-element-0b8b784 elementor-widget elementor-widget-text-editor\" data-id=\"0b8b784\" data-element_type=\"widget\" data-widget_type=\"text-editor.default\">\n\t\t\t\t<div class=\"elementor-widget-container\">\n\t\t\t\t\t\t\t<p><a href=\"https:\/\/drive.google.com\/file\/d\/1Vw_0qVllKacin2i2UMMFgZ5t16o5EOo1\/view?usp=drive_link\" target=\"_blank\" rel=\"noopener\">Descarga Revista Polit\u00e9cnica de Aguascalientes. Volumen 4.<\/a><\/p>\t\t\t\t\t\t<\/div>\n\t\t\t\t<\/div>\n\t\t\t\t\t<\/div>\n\t\t<\/div>\n\t\t\t\t\t<\/div>\n\t\t<\/section>\n\t\t\t\t<section class=\"elementor-section elementor-top-section elementor-element elementor-element-fcf2b5d elementor-section-boxed elementor-section-height-default elementor-section-height-default\" data-id=\"fcf2b5d\" data-element_type=\"section\">\n\t\t\t\t\t\t<div class=\"elementor-container elementor-column-gap-default\">\n\t\t\t\t\t<div class=\"elementor-column elementor-col-100 elementor-top-column elementor-element elementor-element-4eeee3d\" data-id=\"4eeee3d\" data-element_type=\"column\">\n\t\t\t<div class=\"elementor-widget-wrap elementor-element-populated\">\n\t\t\t\t\t\t<div class=\"elementor-element elementor-element-d29156f elementor-widget elementor-widget-text-editor\" data-id=\"d29156f\" data-element_type=\"widget\" data-widget_type=\"text-editor.default\">\n\t\t\t\t<div class=\"elementor-widget-container\">\n\t\t\t\t\t\t\t<p><strong>Revista Polit\u00e9cnica de Aguascalientes, Vol. 5, A\u00f1o 4 (Mayo 2025)<\/strong><\/p><p><em>Publicado 29-05-2025<\/em><\/p>\t\t\t\t\t\t<\/div>\n\t\t\t\t<\/div>\n\t\t\t\t\t<\/div>\n\t\t<\/div>\n\t\t\t\t\t<\/div>\n\t\t<\/section>\n\t\t\t\t<section class=\"elementor-section elementor-top-section elementor-element elementor-element-605c8a1 elementor-section-boxed elementor-section-height-default elementor-section-height-default\" data-id=\"605c8a1\" data-element_type=\"section\">\n\t\t\t\t\t\t<div class=\"elementor-container elementor-column-gap-default\">\n\t\t\t\t\t<div class=\"elementor-column elementor-col-25 elementor-top-column elementor-element elementor-element-a91f32d\" data-id=\"a91f32d\" data-element_type=\"column\">\n\t\t\t<div class=\"elementor-widget-wrap\">\n\t\t\t\t\t\t\t<\/div>\n\t\t<\/div>\n\t\t\t\t<div class=\"elementor-column elementor-col-50 elementor-top-column elementor-element elementor-element-d27f1b1\" data-id=\"d27f1b1\" data-element_type=\"column\">\n\t\t\t<div class=\"elementor-widget-wrap elementor-element-populated\">\n\t\t\t\t\t\t<div class=\"elementor-element elementor-element-6918fa7 elementor-widget__width-initial elementor-widget elementor-widget-image\" data-id=\"6918fa7\" data-element_type=\"widget\" data-widget_type=\"image.default\">\n\t\t\t\t<div class=\"elementor-widget-container\">\n\t\t\t\t\t\t\t\t\t\t\t\t\t\t<a href=\"https:\/\/revistapolitecnicaags.upa.edu.mx\/index.php\/volumen-5\/\">\n\t\t\t\t\t\t\t<img loading=\"lazy\" decoding=\"async\" width=\"794\" height=\"1024\" src=\"https:\/\/revistapolitecnicaags.upa.edu.mx\/wp-content\/uploads\/2025\/12\/portada-794x1024.png\" class=\"attachment-large size-large wp-image-1966\" alt=\"\" srcset=\"https:\/\/revistapolitecnicaags.upa.edu.mx\/wp-content\/uploads\/2025\/12\/portada-794x1024.png 794w, https:\/\/revistapolitecnicaags.upa.edu.mx\/wp-content\/uploads\/2025\/12\/portada-233x300.png 233w, https:\/\/revistapolitecnicaags.upa.edu.mx\/wp-content\/uploads\/2025\/12\/portada-768x991.png 768w, https:\/\/revistapolitecnicaags.upa.edu.mx\/wp-content\/uploads\/2025\/12\/portada.png 875w\" sizes=\"(max-width: 794px) 100vw, 794px\" \/>\t\t\t\t\t\t\t\t<\/a>\n\t\t\t\t\t\t\t\t\t\t\t\t\t<\/div>\n\t\t\t\t<\/div>\n\t\t\t\t\t<\/div>\n\t\t<\/div>\n\t\t\t\t<div class=\"elementor-column elementor-col-25 elementor-top-column elementor-element elementor-element-a74d23d\" data-id=\"a74d23d\" data-element_type=\"column\">\n\t\t\t<div class=\"elementor-widget-wrap\">\n\t\t\t\t\t\t\t<\/div>\n\t\t<\/div>\n\t\t\t\t\t<\/div>\n\t\t<\/section>\n\t\t\t\t<section class=\"elementor-section elementor-top-section elementor-element elementor-element-3f5a8c3 elementor-section-boxed elementor-section-height-default elementor-section-height-default\" data-id=\"3f5a8c3\" data-element_type=\"section\">\n\t\t\t\t\t\t<div class=\"elementor-container elementor-column-gap-default\">\n\t\t\t\t\t<div class=\"elementor-column elementor-col-100 elementor-top-column elementor-element elementor-element-18080b4\" data-id=\"18080b4\" data-element_type=\"column\">\n\t\t\t<div class=\"elementor-widget-wrap elementor-element-populated\">\n\t\t\t\t\t\t<div class=\"elementor-element elementor-element-a256348 elementor-widget elementor-widget-text-editor\" data-id=\"a256348\" data-element_type=\"widget\" data-widget_type=\"text-editor.default\">\n\t\t\t\t<div class=\"elementor-widget-container\">\n\t\t\t\t\t\t\t<p><a href=\"https:\/\/drive.google.com\/file\/d\/18PaP7hggLxHQTtEKA74ISS4L6tHXDLfo\/view?usp=drive_link\" target=\"_blank\" rel=\"noopener\">Descarga Revista Polit\u00e9cnica de Aguascalientes. Volumen 5.<\/a><\/p>\t\t\t\t\t\t<\/div>\n\t\t\t\t<\/div>\n\t\t\t\t\t<\/div>\n\t\t<\/div>\n\t\t\t\t\t<\/div>\n\t\t<\/section>\n\t\t\t\t<\/div>\n\t\t","protected":false},"excerpt":{"rendered":"<p>Revista Polit\u00e9cnica de Aguascalientes, Vol. 1, A\u00f1o 1 (Noviembre 2022) Publicado 04-11-2022 Descarga Revista Polit\u00e9cnica de Aguascalientes. Volumen 1. Revista Polit\u00e9cnica de Aguascalientes, Vol. 2, A\u00f1o 2 (Noviembre 2023) Publicado 30-11-2023 Descarga Revista Polit\u00e9cnica de Aguascalientes. Volumen 2. Revista Polit\u00e9cnica de Aguascalientes, Vol. 3, A\u00f1o 3 (Mayo 2024) Publicado 30-05-2024 Descarga Revista Polit\u00e9cnica de Aguascalientes.<\/p>\n<p><a href=\"https:\/\/revistapolitecnicaags.upa.edu.mx\/index.php\/archivos\/\" class=\"more-link themebutton\">Read More<\/a><\/p>\n","protected":false},"author":1,"featured_media":0,"parent":0,"menu_order":0,"comment_status":"closed","ping_status":"closed","template":"","meta":{"footnotes":""},"class_list":["post-51","page","type-page","status-publish","hentry"],"_links":{"self":[{"href":"https:\/\/revistapolitecnicaags.upa.edu.mx\/index.php\/wp-json\/wp\/v2\/pages\/51"}],"collection":[{"href":"https:\/\/revistapolitecnicaags.upa.edu.mx\/index.php\/wp-json\/wp\/v2\/pages"}],"about":[{"href":"https:\/\/revistapolitecnicaags.upa.edu.mx\/index.php\/wp-json\/wp\/v2\/types\/page"}],"author":[{"embeddable":true,"href":"https:\/\/revistapolitecnicaags.upa.edu.mx\/index.php\/wp-json\/wp\/v2\/users\/1"}],"replies":[{"embeddable":true,"href":"https:\/\/revistapolitecnicaags.upa.edu.mx\/index.php\/wp-json\/wp\/v2\/comments?post=51"}],"version-history":[{"count":95,"href":"https:\/\/revistapolitecnicaags.upa.edu.mx\/index.php\/wp-json\/wp\/v2\/pages\/51\/revisions"}],"predecessor-version":[{"id":2063,"href":"https:\/\/revistapolitecnicaags.upa.edu.mx\/index.php\/wp-json\/wp\/v2\/pages\/51\/revisions\/2063"}],"wp:attachment":[{"href":"https:\/\/revistapolitecnicaags.upa.edu.mx\/index.php\/wp-json\/wp\/v2\/media?parent=51"}],"curies":[{"name":"wp","href":"https:\/\/api.w.org\/{rel}","templated":true}]}}